{"id":4848,"date":"2024-10-21T20:33:32","date_gmt":"2024-10-21T17:33:32","guid":{"rendered":"https:\/\/faberpet.ro\/stage\/produs\/perie-cauciuc-pentru-spalat-animale\/"},"modified":"2025-08-04T07:51:39","modified_gmt":"2025-08-04T05:51:39","slug":"perie-cauciuc-pentru-spalat-animale","status":"publish","type":"product","link":"https:\/\/faberpet.ro\/stage\/produs\/perie-cauciuc-pentru-spalat-animale\/","title":{"rendered":"Perie cauciuc pentru spalat animale"},"content":{"rendered":"<p>Peria realizat\u0103 \u00een \u00eentregime din cauciuc, excelent\u0103 pentru finisarea toalet\u0103rii c\u00e2inilor \u0219i \u00eendep\u0103rtarea ultimelor fire de p\u0103r moarte prezente pe blan\u0103. Ajut\u0103 la p\u0103strarea s\u0103n\u0103t\u0103\u021bii pielii \u0219i a bl\u0103nii. Perii flexibili de cauciuc \u00eendep\u0103rteaz\u0103 cu u\u0219urin\u021b\u0103 p\u0103rul mort. \u00cen timpul \u00eemb\u0103ierii c\u00e2inilor cu p\u0103r scurt sau mediu, mi\u0219ca\u021bi peria circular pe suprafa\u021ba corpului, pentru a distribui uniform \u0219amponul \u0219i pentru un masaj tonic al pielii. Accesoriul este recomandat pentru c\u00e2inii cu par scurt, indiferent de talie \u0219i v\u00e2rst\u0103. Lungimea periei &#8211; 10 cm.<\/p>\n","protected":false},"excerpt":{"rendered":"<p>Peria realizat\u0103 \u00een \u00eentregime din cauciuc, excelent\u0103 pentru finisarea toalet\u0103rii c\u00e2inilor \u0219i \u00eendep\u0103rtarea ultimelor fire de p\u0103r moarte prezente pe blan\u0103. Ajut\u0103 la p\u0103strarea s\u0103n\u0103t\u0103\u021bii pielii \u0219i a bl\u0103nii. Perii flexibili de cauciuc \u00eendep\u0103rteaz\u0103 cu u\u0219urin\u021b\u0103 p\u0103rul mort. \u00cen timpul \u00eemb\u0103ierii c\u00e2inilor cu p\u0103r scurt sau mediu, mi\u0219ca\u021bi peria circular pe suprafa\u021ba corpului, pentru a [&hellip;]<\/p>\n","protected":false},"featured_media":9859,"template":"","meta":[],"product_brand":[],"product_cat":[168,1738,1679,1672,1674,171],"product_tag":[1760,1767,1761],"class_list":{"0":"post-4848","1":"product","2":"type-product","3":"status-publish","4":"has-post-thumbnail","6":"product_cat-caini","7":"product_cat-perii","8":"product_cat-perii-pisici","9":"product_cat-perii-si-piepteni","10":"product_cat-perii-si-piepteni-pisici","11":"product_cat-pisici","12":"product_tag-articole-descalcit","13":"product_tag-perie-caini-spalat","14":"product_tag-trimmer","16":"first","17":"instock","18":"shipping-taxable","19":"purchasable","20":"product-type-simple"},"_links":{"self":[{"href":"https:\/\/faberpet.ro\/stage\/wp-json\/wp\/v2\/product\/4848","targetHints":{"allow":["GET"]}}],"collection":[{"href":"https:\/\/faberpet.ro\/stage\/wp-json\/wp\/v2\/product"}],"about":[{"href":"https:\/\/faberpet.ro\/stage\/wp-json\/wp\/v2\/types\/product"}],"wp:featuredmedia":[{"embeddable":true,"href":"https:\/\/faberpet.ro\/stage\/wp-json\/wp\/v2\/media\/9859"}],"wp:attachment":[{"href":"https:\/\/faberpet.ro\/stage\/wp-json\/wp\/v2\/media?parent=4848"}],"wp:term":[{"taxonomy":"product_brand","embeddable":true,"href":"https:\/\/faberpet.ro\/stage\/wp-json\/wp\/v2\/product_brand?post=4848"},{"taxonomy":"product_cat","embeddable":true,"href":"https:\/\/faberpet.ro\/stage\/wp-json\/wp\/v2\/product_cat?post=4848"},{"taxonomy":"product_tag","embeddable":true,"href":"https:\/\/faberpet.ro\/stage\/wp-json\/wp\/v2\/product_tag?post=4848"}],"curies":[{"name":"wp","href":"https:\/\/api.w.org\/{rel}","templated":true}]}}