{"id":4919,"date":"2024-10-21T20:33:43","date_gmt":"2024-10-21T17:33:43","guid":{"rendered":"https:\/\/faberpet.ro\/stage\/produs\/perie-tesala-cu-cap-detasabil-10-cm\/"},"modified":"2025-08-04T08:27:01","modified_gmt":"2025-08-04T06:27:01","slug":"perie-tesala-cu-cap-detasabil-10-cm","status":"publish","type":"product","link":"https:\/\/faberpet.ro\/stage\/produs\/perie-tesala-cu-cap-detasabil-10-cm\/","title":{"rendered":"Perie-Tesala cu cap detasabil 10 cm"},"content":{"rendered":"<p>Este o perie p\u0103r care reduce c\u0103derea p\u0103rului p\u00e2n\u0103 la 90%. Ajut\u0103 la prevenirea form\u0103rii ghemotoacelor de p\u0103r ce le pot pune via\u021ba \u00een pericol. Ajut\u0103 la producerea de sebum natural al pielii, conduc\u00e2nd la o piele s\u0103n\u0103toas\u0103 \u0219i o blan\u0103 str\u0103lucitoare. Prin reducerea substan\u021bial\u0103 a c\u0103derii p\u0103rului se reduce frecven\u021ba factorilor alergogeni ce cauzeaz\u0103 reac\u021bii alergice asupra multor persoane. este prev\u0103zut\u0103 cu un m\u00e2ner ergonomic antialunecare, comfortabil pentru aderen\u021b\u0103 maxim\u0103. Cur\u0103\u021bare u\u0219oar\u0103 a periei cu ajutorul butonului cu care este prevazut\u0103, ce cur\u0103\u021b\u0103 \u0219i elimin\u0103 murd\u0103ria \u0219i p\u0103rul r\u0103mas \u00een lam\u0103. Cap deta\u0219abil. L\u0103\u021bimea lamei &#8211; 10 cm. Lungimea pieptenei &#8211; 14, 5 cm Indicat\u0103 pentru c\u00e2ini \u0219i pisici cu p\u0103rul lung mai mare de 5 cm. Ghid de utilizare perie- \u021besal\u0103:Asigura\u021bi- v\u0103 c\u0103 blana c\u00e2inelui Dvs. este complet uscat\u0103. Peria\u021bi \u00eencet animalul Dvs. \u00een sensul cre\u0219terii p\u0103rului. Face\u021bi mi\u0219c\u0103ri lungi \u0219i suple \u0219i evita\u021bi s\u0103 trece\u021bi de mai multe ori \u00een acela\u0219i loc. La periere acorda\u021bi o deosebit\u0103 aten\u021bie zonelor mai sensibile ale animalului Dvs. (burta, labe, p\u0103rti genitale, anus). O periere prea ap\u0103sat\u0103 sau repetat\u0103 poate irita pielea. Dac\u0103 remarca\u021bi o iritare sau \u00eenro\u0219ire a pielii \u00eenceta\u021bi imediat s\u0103 folosi\u021bi peria. Evita\u021bi s\u0103 v\u0103 sprijini\u021bi pe animal atunci c\u00e2nd \u00eel piept\u0103na\u021bi.<\/p>\n","protected":false},"excerpt":{"rendered":"<p>Este o perie p\u0103r care reduce c\u0103derea p\u0103rului p\u00e2n\u0103 la 90%. Ajut\u0103 la prevenirea form\u0103rii ghemotoacelor de p\u0103r ce le pot pune via\u021ba \u00een pericol. Ajut\u0103 la producerea de sebum natural al pielii, conduc\u00e2nd la o piele s\u0103n\u0103toas\u0103 \u0219i o blan\u0103 str\u0103lucitoare. Prin reducerea substan\u021bial\u0103 a c\u0103derii p\u0103rului se reduce frecven\u021ba factorilor alergogeni ce cauzeaz\u0103 [&hellip;]<\/p>\n","protected":false},"featured_media":9931,"template":"","meta":[],"product_brand":[],"product_cat":[168,1837,1679,1672,1674,171],"product_tag":[1836,1835,1834],"class_list":{"0":"post-4919","1":"product","2":"type-product","3":"status-publish","4":"has-post-thumbnail","6":"product_cat-caini","7":"product_cat-perie-tesala","8":"product_cat-perii-pisici","9":"product_cat-perii-si-piepteni","10":"product_cat-perii-si-piepteni-pisici","11":"product_cat-pisici","12":"product_tag-furminator-caini","13":"product_tag-perie-tesala-caini","14":"product_tag-perie-tesala-pisici","16":"first","17":"instock","18":"shipping-taxable","19":"purchasable","20":"product-type-simple"},"_links":{"self":[{"href":"https:\/\/faberpet.ro\/stage\/wp-json\/wp\/v2\/product\/4919","targetHints":{"allow":["GET"]}}],"collection":[{"href":"https:\/\/faberpet.ro\/stage\/wp-json\/wp\/v2\/product"}],"about":[{"href":"https:\/\/faberpet.ro\/stage\/wp-json\/wp\/v2\/types\/product"}],"wp:featuredmedia":[{"embeddable":true,"href":"https:\/\/faberpet.ro\/stage\/wp-json\/wp\/v2\/media\/9931"}],"wp:attachment":[{"href":"https:\/\/faberpet.ro\/stage\/wp-json\/wp\/v2\/media?parent=4919"}],"wp:term":[{"taxonomy":"product_brand","embeddable":true,"href":"https:\/\/faberpet.ro\/stage\/wp-json\/wp\/v2\/product_brand?post=4919"},{"taxonomy":"product_cat","embeddable":true,"href":"https:\/\/faberpet.ro\/stage\/wp-json\/wp\/v2\/product_cat?post=4919"},{"taxonomy":"product_tag","embeddable":true,"href":"https:\/\/faberpet.ro\/stage\/wp-json\/wp\/v2\/product_tag?post=4919"}],"curies":[{"name":"wp","href":"https:\/\/api.w.org\/{rel}","templated":true}]}}