{"id":4955,"date":"2024-10-21T20:33:48","date_gmt":"2024-10-21T17:33:48","guid":{"rendered":"https:\/\/faberpet.ro\/stage\/produs\/zgarda-strangulanta-cu-zale-lungi-3x550-600-mm\/"},"modified":"2025-08-04T07:26:55","modified_gmt":"2025-08-04T05:26:55","slug":"zgarda-strangulanta-cu-zale-lungi-3x550-600-mm","status":"publish","type":"product","link":"https:\/\/faberpet.ro\/stage\/produs\/zgarda-strangulanta-cu-zale-lungi-3x550-600-mm\/","title":{"rendered":"Zgarda strangulanta cu zale lungi 3x(550-600) mm"},"content":{"rendered":"<p>Zgarda de for\u021b\u0103 este folosit \u00een dresajul canin sau corectarea problemelor de comportamente. este utilizat \u00een special pentru c\u00e2inii de talie medie \u0219i mare \u0219i \u00eei \u00eempiedic\u0103 pe ace\u0219tia s\u0103 trag\u0103 \u00een les\u0103 \u0219i \u00eei for\u021beaz\u0103 s\u0103 mearg\u0103 la picior, compens\u00e2nd sau supliment\u00e2nd un dresaj corect \u00een acest scop. Poate fi dimensionat\u0103 \u00een func\u021bie de dimensiunea g\u00e2tului c\u00e2inelui. Nu tocesc p\u0103rul din jurul g\u00e2tului, \u00een cazul raselor cu p\u0103r lung sau semi- lung, ca zg\u0103rzile din piele. Confec\u021bionat\u0103 din o\u021bel inoxidabil. Lungime: 60 cm. Grosime za: 3 mm. C\u00e2nd alege\u021bi o zgard\u0103 \u0219trangulant\u0103 m\u0103sura\u021bi circumferin\u021ba g\u00e2tului (imediat \u00een spatele urechilor) c\u0103\u021belului iar la aceasta dimensiuni mai adauga\u021bi 5 cm, determin\u00e2nd astfel lungimea zg\u0103rzii care trebuie cump\u0103rat\u0103.<\/p>\n","protected":false},"excerpt":{"rendered":"<p>Zgarda de for\u021b\u0103 este folosit \u00een dresajul canin sau corectarea problemelor de comportamente. este utilizat \u00een special pentru c\u00e2inii de talie medie \u0219i mare \u0219i \u00eei \u00eempiedic\u0103 pe ace\u0219tia s\u0103 trag\u0103 \u00een les\u0103 \u0219i \u00eei for\u021beaz\u0103 s\u0103 mearg\u0103 la picior, compens\u00e2nd sau supliment\u00e2nd un dresaj corect \u00een acest scop. Poate fi dimensionat\u0103 \u00een func\u021bie de [&hellip;]<\/p>\n","protected":false},"featured_media":9967,"template":"","meta":[],"product_brand":[],"product_cat":[168,1855,1854],"product_tag":[1851,1880,928],"class_list":{"0":"post-4955","1":"product","2":"type-product","3":"status-publish","4":"has-post-thumbnail","6":"product_cat-caini","7":"product_cat-zgarzi-metalice","8":"product_cat-zgarzi-si-curele","9":"product_tag-zgarda-forta","10":"product_tag-zgarda-metalica","11":"product_tag-zgarda-strangulanta","13":"first","14":"instock","15":"shipping-taxable","16":"purchasable","17":"product-type-simple"},"_links":{"self":[{"href":"https:\/\/faberpet.ro\/stage\/wp-json\/wp\/v2\/product\/4955","targetHints":{"allow":["GET"]}}],"collection":[{"href":"https:\/\/faberpet.ro\/stage\/wp-json\/wp\/v2\/product"}],"about":[{"href":"https:\/\/faberpet.ro\/stage\/wp-json\/wp\/v2\/types\/product"}],"wp:featuredmedia":[{"embeddable":true,"href":"https:\/\/faberpet.ro\/stage\/wp-json\/wp\/v2\/media\/9967"}],"wp:attachment":[{"href":"https:\/\/faberpet.ro\/stage\/wp-json\/wp\/v2\/media?parent=4955"}],"wp:term":[{"taxonomy":"product_brand","embeddable":true,"href":"https:\/\/faberpet.ro\/stage\/wp-json\/wp\/v2\/product_brand?post=4955"},{"taxonomy":"product_cat","embeddable":true,"href":"https:\/\/faberpet.ro\/stage\/wp-json\/wp\/v2\/product_cat?post=4955"},{"taxonomy":"product_tag","embeddable":true,"href":"https:\/\/faberpet.ro\/stage\/wp-json\/wp\/v2\/product_tag?post=4955"}],"curies":[{"name":"wp","href":"https:\/\/api.w.org\/{rel}","templated":true}]}}