{"id":5145,"date":"2024-10-21T20:34:16","date_gmt":"2024-10-21T17:34:16","guid":{"rendered":"https:\/\/faberpet.ro\/stage\/produs\/zgarda-din-piele-cu-conuri-nr-1-rosu-16x36cm\/"},"modified":"2025-08-04T09:14:16","modified_gmt":"2025-08-04T07:14:16","slug":"zgarda-din-piele-cu-conuri-nr-1-rosu-16x36cm","status":"publish","type":"product","link":"https:\/\/faberpet.ro\/stage\/produs\/zgarda-din-piele-cu-conuri-nr-1-rosu-16x36cm\/","title":{"rendered":"Zgarda din piele cu conuri nr. 1 rosu 1,6x36cm"},"content":{"rendered":"<p>Zgard\u0103 confec\u021bionat\u0103 din piele natural\u0103 egalizat\u0103. Are l\u0103\u021bimea de 1, 6 cm \u0219i lungimea maxim\u0103 desf\u0103\u0219urat\u0103 de 36 cm. este recomandat\u0103 pentru c\u00e2ini de talie mic\u0103. Cataram\u0103 metalic\u0103 cromat\u0103. Interiorul c\u0103ptu\u0219it cu p\u00e2sl\u0103. Nu cauzeaz\u0103 irita\u021bii \u0219i nu afecteaz\u0103 s\u0103n\u0103tatea animalelor. Pentru control u\u0219or \u0219i plimbat c\u00e2ine. Comod\u0103. Se vinde ambalat c\u00e2te 5 buc\/set! Pre\u021bul afi\u0219at este per buc!<\/p>\n","protected":false},"excerpt":{"rendered":"<p>Zgard\u0103 confec\u021bionat\u0103 din piele natural\u0103 egalizat\u0103. Are l\u0103\u021bimea de 1, 6 cm \u0219i lungimea maxim\u0103 desf\u0103\u0219urat\u0103 de 36 cm. este recomandat\u0103 pentru c\u00e2ini de talie mic\u0103. Cataram\u0103 metalic\u0103 cromat\u0103. Interiorul c\u0103ptu\u0219it cu p\u00e2sl\u0103. Nu cauzeaz\u0103 irita\u021bii \u0219i nu afecteaz\u0103 s\u0103n\u0103tatea animalelor. Pentru control u\u0219or \u0219i plimbat c\u00e2ine. Comod\u0103. Se vinde ambalat c\u00e2te 5 buc\/set! Pre\u021bul [&hellip;]<\/p>\n","protected":false},"featured_media":10146,"template":"","meta":[],"product_brand":[],"product_cat":[168,171,1929,1948,1907,1854],"product_tag":[1914,1867,1945],"class_list":{"0":"post-5145","1":"product","2":"type-product","3":"status-publish","4":"has-post-thumbnail","6":"product_cat-caini","7":"product_cat-pisici","8":"product_cat-zgarzi-piele","9":"product_cat-zgarzi-piele-zgarzi-pisici","10":"product_cat-zgarzi-pisici","11":"product_cat-zgarzi-si-curele","12":"product_tag-zgarda-caini-antipurici","13":"product_tag-zgarda-cu-tepi","14":"product_tag-zgarzi-pisici","16":"first","17":"instock","18":"shipping-taxable","19":"purchasable","20":"product-type-simple"},"_links":{"self":[{"href":"https:\/\/faberpet.ro\/stage\/wp-json\/wp\/v2\/product\/5145","targetHints":{"allow":["GET"]}}],"collection":[{"href":"https:\/\/faberpet.ro\/stage\/wp-json\/wp\/v2\/product"}],"about":[{"href":"https:\/\/faberpet.ro\/stage\/wp-json\/wp\/v2\/types\/product"}],"wp:featuredmedia":[{"embeddable":true,"href":"https:\/\/faberpet.ro\/stage\/wp-json\/wp\/v2\/media\/10146"}],"wp:attachment":[{"href":"https:\/\/faberpet.ro\/stage\/wp-json\/wp\/v2\/media?parent=5145"}],"wp:term":[{"taxonomy":"product_brand","embeddable":true,"href":"https:\/\/faberpet.ro\/stage\/wp-json\/wp\/v2\/product_brand?post=5145"},{"taxonomy":"product_cat","embeddable":true,"href":"https:\/\/faberpet.ro\/stage\/wp-json\/wp\/v2\/product_cat?post=5145"},{"taxonomy":"product_tag","embeddable":true,"href":"https:\/\/faberpet.ro\/stage\/wp-json\/wp\/v2\/product_tag?post=5145"}],"curies":[{"name":"wp","href":"https:\/\/api.w.org\/{rel}","templated":true}]}}