{"id":5285,"date":"2024-10-21T20:34:38","date_gmt":"2024-10-21T17:34:38","guid":{"rendered":"https:\/\/faberpet.ro\/stage\/produs\/filtru-apa-acvariu-rs-1607-1000l-h-13w\/"},"modified":"2025-08-04T10:18:50","modified_gmt":"2025-08-04T08:18:50","slug":"filtru-apa-acvariu-rs-1607-1000l-h-13w","status":"publish","type":"product","link":"https:\/\/faberpet.ro\/stage\/produs\/filtru-apa-acvariu-rs-1607-1000l-h-13w\/","title":{"rendered":"Filtru apa acvariu RS-1607 1000L\/h 13W"},"content":{"rendered":"<p>Filtru ap\u0103 submersibil intern pentru acvariu Filtru intern pentru acvariu cu eficien\u021b\u0103 ridicat\u0103, economisire de energie electric\u0103, fiabil \u0219i durabil. Serve\u0219te la filtrarea impurit\u0103\u021bilor din apa acvariului, care se vor cl\u0103ti periodic (2- 3 zile) cu ap\u0103 curat\u0103 \u0219i montat\u0103 la loc. Pentru acvarii de ap\u0103 dulce \u0219i s\u0103rat\u0103. Motor electric submersibil sigilat. Cu performan\u021be excelente \u00een lucrul cu ap\u0103. Prinderea pe acvariu se realizeaz\u0103 cu ajutorul ventuzelor. U\u0219or de utilizat \u0219i cur\u0103\u021bat. Putere consumat\u0103: 13 W. Debit maxim: 1000 L\/H. Total submersibil. Con\u021bine cartu\u0219 cu burete. AC 220 V. Aten\u021bie! este interzis punerea \u00een func\u021biune \u00een afara apei, pericol de gripare!<\/p>\n","protected":false},"excerpt":{"rendered":"<p>Filtru ap\u0103 submersibil intern pentru acvariu Filtru intern pentru acvariu cu eficien\u021b\u0103 ridicat\u0103, economisire de energie electric\u0103, fiabil \u0219i durabil. Serve\u0219te la filtrarea impurit\u0103\u021bilor din apa acvariului, care se vor cl\u0103ti periodic (2- 3 zile) cu ap\u0103 curat\u0103 \u0219i montat\u0103 la loc. Pentru acvarii de ap\u0103 dulce \u0219i s\u0103rat\u0103. Motor electric submersibil sigilat. Cu performan\u021be [&hellip;]<\/p>\n","protected":false},"featured_media":10266,"template":"","meta":[],"product_brand":[],"product_cat":[61,2017,2018],"product_tag":[2014,2027,2053],"class_list":{"0":"post-5285","1":"product","2":"type-product","3":"status-publish","4":"has-post-thumbnail","6":"product_cat-acvaristica","7":"product_cat-electrice","8":"product_cat-filtre-de-apa","9":"product_tag-filtru-apa-acvariu","10":"product_tag-filtru-rs-electrical","11":"product_tag-rs-1607","13":"first","14":"instock","15":"shipping-taxable","16":"purchasable","17":"product-type-simple"},"_links":{"self":[{"href":"https:\/\/faberpet.ro\/stage\/wp-json\/wp\/v2\/product\/5285","targetHints":{"allow":["GET"]}}],"collection":[{"href":"https:\/\/faberpet.ro\/stage\/wp-json\/wp\/v2\/product"}],"about":[{"href":"https:\/\/faberpet.ro\/stage\/wp-json\/wp\/v2\/types\/product"}],"wp:featuredmedia":[{"embeddable":true,"href":"https:\/\/faberpet.ro\/stage\/wp-json\/wp\/v2\/media\/10266"}],"wp:attachment":[{"href":"https:\/\/faberpet.ro\/stage\/wp-json\/wp\/v2\/media?parent=5285"}],"wp:term":[{"taxonomy":"product_brand","embeddable":true,"href":"https:\/\/faberpet.ro\/stage\/wp-json\/wp\/v2\/product_brand?post=5285"},{"taxonomy":"product_cat","embeddable":true,"href":"https:\/\/faberpet.ro\/stage\/wp-json\/wp\/v2\/product_cat?post=5285"},{"taxonomy":"product_tag","embeddable":true,"href":"https:\/\/faberpet.ro\/stage\/wp-json\/wp\/v2\/product_tag?post=5285"}],"curies":[{"name":"wp","href":"https:\/\/api.w.org\/{rel}","templated":true}]}}