{"id":5414,"date":"2024-10-21T20:34:56","date_gmt":"2024-10-21T17:34:56","guid":{"rendered":"https:\/\/faberpet.ro\/stage\/produs\/lampa-acvariu-exterior-led-alb-5w-5v-usb\/"},"modified":"2025-10-30T14:55:37","modified_gmt":"2025-10-30T12:55:37","slug":"lampa-acvariu-exterior-led-alb-5w-5v-usb","status":"publish","type":"product","link":"https:\/\/faberpet.ro\/stage\/produs\/lampa-acvariu-exterior-led-alb-5w-5v-usb\/","title":{"rendered":"Lampa acvariu exterior LED, alb 5W 5V USB"},"content":{"rendered":"<p>Lampa este cu siguran\u021b\u0103 o propunere care merit\u0103 luat\u0103 \u00een considerare pentru fiecare nano acvarist. Iluminare LED potrivit\u0103 pentru acvarii cu lungime \u00eentre 10- 20 cm. Poate folosi ca surs\u0103 de iluminat complementar\u0103 sau chiar principal\u0103 \u00een func\u021bie de necesit\u0103\u021bile acvariului. Acest tip de lampa este foarte u\u0219or de utilizat \u0219i comoda datorit\u0103 bratului flexibil care permite pozi\u021bionarea la diferite unghiuri. Lampa este prevazut\u0103 cu 10 LED- uri de dimensiuni mici, asadar necesita un consum redus de energie. este alimentat\u0103 cu ajutorul conectorului USB Tip A. este compatibil cu orice dispozitiv, laptop, notebook sau computer PC. AC 5V.<\/p>\n","protected":false},"excerpt":{"rendered":"<p>Lampa este cu siguran\u021b\u0103 o propunere care merit\u0103 luat\u0103 \u00een considerare pentru fiecare nano acvarist. Iluminare LED potrivit\u0103 pentru acvarii cu lungime \u00eentre 10- 20 cm. Poate folosi ca surs\u0103 de iluminat complementar\u0103 sau chiar principal\u0103 \u00een func\u021bie de necesit\u0103\u021bile acvariului. Acest tip de lampa este foarte u\u0219or de utilizat \u0219i comoda datorit\u0103 bratului flexibil [&hellip;]<\/p>\n","protected":false},"featured_media":10421,"template":"","meta":[],"product_brand":[],"product_cat":[61,2017,2193],"product_tag":[2202,2201,2203],"class_list":{"0":"post-5414","1":"product","2":"type-product","3":"status-publish","4":"has-post-thumbnail","6":"product_cat-acvaristica","7":"product_cat-electrice","8":"product_cat-lampi","9":"product_tag-iluminare-acvariu","10":"product_tag-lampa-acvariu-exterior","11":"product_tag-lampi-acvariu","13":"first","14":"instock","15":"shipping-taxable","16":"purchasable","17":"product-type-variable"},"_links":{"self":[{"href":"https:\/\/faberpet.ro\/stage\/wp-json\/wp\/v2\/product\/5414","targetHints":{"allow":["GET"]}}],"collection":[{"href":"https:\/\/faberpet.ro\/stage\/wp-json\/wp\/v2\/product"}],"about":[{"href":"https:\/\/faberpet.ro\/stage\/wp-json\/wp\/v2\/types\/product"}],"wp:featuredmedia":[{"embeddable":true,"href":"https:\/\/faberpet.ro\/stage\/wp-json\/wp\/v2\/media\/10421"}],"wp:attachment":[{"href":"https:\/\/faberpet.ro\/stage\/wp-json\/wp\/v2\/media?parent=5414"}],"wp:term":[{"taxonomy":"product_brand","embeddable":true,"href":"https:\/\/faberpet.ro\/stage\/wp-json\/wp\/v2\/product_brand?post=5414"},{"taxonomy":"product_cat","embeddable":true,"href":"https:\/\/faberpet.ro\/stage\/wp-json\/wp\/v2\/product_cat?post=5414"},{"taxonomy":"product_tag","embeddable":true,"href":"https:\/\/faberpet.ro\/stage\/wp-json\/wp\/v2\/product_tag?post=5414"}],"curies":[{"name":"wp","href":"https:\/\/api.w.org\/{rel}","templated":true}]}}