{"id":5456,"date":"2024-10-21T20:35:03","date_gmt":"2024-10-21T17:35:03","guid":{"rendered":"https:\/\/faberpet.ro\/stage\/produs\/compresor-aer-acvariu-12v-boyu-acq-906-60w-120l-min\/"},"modified":"2025-08-04T11:24:34","modified_gmt":"2025-08-04T09:24:34","slug":"compresor-aer-acvariu-12v-boyu-acq-906-60w-120l-min","status":"publish","type":"product","link":"https:\/\/faberpet.ro\/stage\/produs\/compresor-aer-acvariu-12v-boyu-acq-906-60w-120l-min\/","title":{"rendered":"Compresor aer acvariu 12V BOYU ACQ-906 60W 120L\/min"},"content":{"rendered":"<p>Compresor de aer pentru o gam\u0103 variat\u0103 de utiliz\u0103ri. Acest model de mini compresor face parte din gama de pompe aer acvariu cu debit generos. Compresor de aer pentru acvarii, iazuri, transport pe\u0219te, acvacultur\u0103 cu un nivel popula\u021bional ridicat, fose septice sau alte obiective unde este necesar\u0103 admisia de aer. Pompa oxigenare acvariu cu motor electromagnetic linear de construc\u021bie simpl\u0103 \u0219i eficien\u021b\u0103 ridicat\u0103. Func\u021bionare lin\u0103. Consum redus de energie electric\u0103.<\/p>\n<p>Putere consumat\u0103: 60 W.<\/p>\n<p>Debit de aer: 120 L\/min.<\/p>\n<p>Pachetul con\u021bine compresor, teu distribuitor de aer cu ie\u0219iri pentru furtun de 4\/6 mm \u0219i furtunul ce cupleaz\u0103 teul la compresor.<\/p>\n<p>AC 12 V.<\/p>\n","protected":false},"excerpt":{"rendered":"<p>Compresor de aer pentru o gam\u0103 variat\u0103 de utiliz\u0103ri. Acest model de mini compresor face parte din gama de pompe aer acvariu cu debit generos. Compresor de aer pentru acvarii, iazuri, transport pe\u0219te, acvacultur\u0103 cu un nivel popula\u021bional ridicat, fose septice sau alte obiective unde este necesar\u0103 admisia de aer. Pompa oxigenare acvariu cu motor [&hellip;]<\/p>\n","protected":false},"featured_media":10482,"template":"","meta":[],"product_brand":[],"product_cat":[61,2303,2017],"product_tag":[2305,2300,2301],"class_list":{"0":"post-5456","1":"product","2":"type-product","3":"status-publish","4":"has-post-thumbnail","6":"product_cat-acvaristica","7":"product_cat-compresoare","8":"product_cat-electrice","9":"product_tag-boyu-acq-906","10":"product_tag-compresor-aer-acvariu","11":"product_tag-compresor-aer-pentru-iaz","13":"first","14":"instock","15":"shipping-taxable","16":"purchasable","17":"product-type-simple"},"_links":{"self":[{"href":"https:\/\/faberpet.ro\/stage\/wp-json\/wp\/v2\/product\/5456","targetHints":{"allow":["GET"]}}],"collection":[{"href":"https:\/\/faberpet.ro\/stage\/wp-json\/wp\/v2\/product"}],"about":[{"href":"https:\/\/faberpet.ro\/stage\/wp-json\/wp\/v2\/types\/product"}],"wp:featuredmedia":[{"embeddable":true,"href":"https:\/\/faberpet.ro\/stage\/wp-json\/wp\/v2\/media\/10482"}],"wp:attachment":[{"href":"https:\/\/faberpet.ro\/stage\/wp-json\/wp\/v2\/media?parent=5456"}],"wp:term":[{"taxonomy":"product_brand","embeddable":true,"href":"https:\/\/faberpet.ro\/stage\/wp-json\/wp\/v2\/product_brand?post=5456"},{"taxonomy":"product_cat","embeddable":true,"href":"https:\/\/faberpet.ro\/stage\/wp-json\/wp\/v2\/product_cat?post=5456"},{"taxonomy":"product_tag","embeddable":true,"href":"https:\/\/faberpet.ro\/stage\/wp-json\/wp\/v2\/product_tag?post=5456"}],"curies":[{"name":"wp","href":"https:\/\/api.w.org\/{rel}","templated":true}]}}