{"id":5493,"date":"2024-10-21T20:35:08","date_gmt":"2024-10-21T17:35:08","guid":{"rendered":"https:\/\/faberpet.ro\/stage\/produs\/roata-de-alergare-pentru-rozatoare-14-cm\/"},"modified":"2025-08-29T08:02:30","modified_gmt":"2025-08-29T06:02:30","slug":"roata-de-alergare-pentru-rozatoare-14-cm","status":"publish","type":"product","link":"https:\/\/faberpet.ro\/stage\/produs\/roata-de-alergare-pentru-rozatoare-14-cm\/","title":{"rendered":"Roata de alergare pentru rozatoare 14 cm"},"content":{"rendered":"<p>Caruselul distractiv pentru roz\u0103toare mici are un model din re\u021bea de s\u00e2rm\u0103, care ofer\u0103 siguran\u021b\u0103 suplimentar\u0103. Confec\u021bionat din metal iar suportul este solid, oferind un nivel ridicat de siguran\u021b\u0103. Este u\u0219or de cur\u0103\u021bat, rezistent\u0103 la rugin\u0103.<\/p>\n<p>Roata de exerci\u021biu este excelent\u0103 pentru simularea activit\u0103\u021bii prin exerci\u021biu \u0219i alungarea monotoniei.<\/p>\n<p>Recomandat pentru hamsteri, cobai, soricei \u0219i alte roz\u0103toare mici.<\/p>\n<p>Distrac\u021bie \u0219i amuzament asigurate.<\/p>\n","protected":false},"excerpt":{"rendered":"<p>Caruselul distractiv pentru roz\u0103toare mici are un model din re\u021bea de s\u00e2rm\u0103, care ofer\u0103 siguran\u021b\u0103 suplimentar\u0103. Confec\u021bionat din metal iar suportul este solid, oferind un nivel ridicat de siguran\u021b\u0103. Este u\u0219or de cur\u0103\u021bat, rezistent\u0103 la rugin\u0103. Roata de exerci\u021biu este excelent\u0103 pentru simularea activit\u0103\u021bii prin exerci\u021biu \u0219i alungarea monotoniei. Recomandat pentru hamsteri, cobai, soricei \u0219i [&hellip;]<\/p>\n","protected":false},"featured_media":14203,"template":"","meta":[],"product_brand":[],"product_cat":[2366,652],"product_tag":[2363,2364,2365],"class_list":{"0":"post-5493","1":"product","2":"type-product","3":"status-publish","4":"has-post-thumbnail","6":"product_cat-jucarii-si-accesorii","7":"product_cat-rozatoare","8":"product_tag-jucarie-hamsteri","9":"product_tag-jucarie-rozatoare","10":"product_tag-jucarii-hamsteri","12":"first","13":"instock","14":"shipping-taxable","15":"purchasable","16":"product-type-simple"},"_links":{"self":[{"href":"https:\/\/faberpet.ro\/stage\/wp-json\/wp\/v2\/product\/5493","targetHints":{"allow":["GET"]}}],"collection":[{"href":"https:\/\/faberpet.ro\/stage\/wp-json\/wp\/v2\/product"}],"about":[{"href":"https:\/\/faberpet.ro\/stage\/wp-json\/wp\/v2\/types\/product"}],"wp:featuredmedia":[{"embeddable":true,"href":"https:\/\/faberpet.ro\/stage\/wp-json\/wp\/v2\/media\/14203"}],"wp:attachment":[{"href":"https:\/\/faberpet.ro\/stage\/wp-json\/wp\/v2\/media?parent=5493"}],"wp:term":[{"taxonomy":"product_brand","embeddable":true,"href":"https:\/\/faberpet.ro\/stage\/wp-json\/wp\/v2\/product_brand?post=5493"},{"taxonomy":"product_cat","embeddable":true,"href":"https:\/\/faberpet.ro\/stage\/wp-json\/wp\/v2\/product_cat?post=5493"},{"taxonomy":"product_tag","embeddable":true,"href":"https:\/\/faberpet.ro\/stage\/wp-json\/wp\/v2\/product_tag?post=5493"}],"curies":[{"name":"wp","href":"https:\/\/api.w.org\/{rel}","templated":true}]}}