{"id":5535,"date":"2024-10-21T20:35:13","date_gmt":"2024-10-21T17:35:13","guid":{"rendered":"https:\/\/faberpet.ro\/stage\/produs\/colac-biorop-pentru-rozatoare\/"},"modified":"2026-02-09T14:51:39","modified_gmt":"2026-02-09T12:51:39","slug":"colac-biorop-pentru-rozatoare","status":"publish","type":"product","link":"https:\/\/faberpet.ro\/stage\/produs\/colac-biorop-pentru-rozatoare\/","title":{"rendered":"Colac BIOROP pentru rozatoare"},"content":{"rendered":"<p>Colac BIOROP cu miere este s\u0103n\u0103toas\u0103 \u0219i delicioas\u0103 pentru roz\u0103toare. Sunt preparate din cereale coapte, perfecte pentru diversificarea dietei acestor roz\u0103toare. 100 % natural\u0103. Se poate fixa cu u\u0219urin\u021b\u0103 \u00een cu\u0219c\u0103. \u00cen caz de necesitate oferi\u021bi ap\u0103 proasp\u0103t\u0103. A se p\u0103stra la loc uscat \u0219i r\u0103coros. Greutatea net\u0103: 70 gr Ingrediente: mei ro\u0219u, mei alb, ov\u0103z, semin\u021be de floarea soarelui, mere deshidratate, semin\u021be de c\u00e2nep\u0103, minerale, derivate de origine vegetal\u0103, fructe, derivate de fructe, etc. . . Se vinde ambalat c\u00e2te 10 buc\/set! Pre\u021bul afi\u0219at este per buc!<\/p>\n","protected":false},"excerpt":{"rendered":"<p>Colac BIOROP cu miere este s\u0103n\u0103toas\u0103 \u0219i delicioas\u0103 pentru roz\u0103toare. Sunt preparate din cereale coapte, perfecte pentru diversificarea dietei acestor roz\u0103toare. 100 % natural\u0103. Se poate fixa cu u\u0219urin\u021b\u0103 \u00een cu\u0219c\u0103. \u00cen caz de necesitate oferi\u021bi ap\u0103 proasp\u0103t\u0103. A se p\u0103stra la loc uscat \u0219i r\u0103coros. Greutatea net\u0103: 70 gr Ingrediente: mei ro\u0219u, mei alb, [&hellip;]<\/p>\n","protected":false},"featured_media":10561,"template":"","meta":[],"product_brand":[],"product_cat":[2429,652],"product_tag":[2428,2426,2427],"class_list":{"0":"post-5535","1":"product","2":"type-product","3":"status-publish","4":"has-post-thumbnail","6":"product_cat-hrana-rozatoare","7":"product_cat-rozatoare","8":"product_tag-colac-biorop","9":"product_tag-hrana-pentru-rozatoarec","10":"product_tag-hrana-rozatori","12":"first","13":"instock","14":"shipping-taxable","15":"purchasable","16":"product-type-simple"},"_links":{"self":[{"href":"https:\/\/faberpet.ro\/stage\/wp-json\/wp\/v2\/product\/5535","targetHints":{"allow":["GET"]}}],"collection":[{"href":"https:\/\/faberpet.ro\/stage\/wp-json\/wp\/v2\/product"}],"about":[{"href":"https:\/\/faberpet.ro\/stage\/wp-json\/wp\/v2\/types\/product"}],"wp:featuredmedia":[{"embeddable":true,"href":"https:\/\/faberpet.ro\/stage\/wp-json\/wp\/v2\/media\/10561"}],"wp:attachment":[{"href":"https:\/\/faberpet.ro\/stage\/wp-json\/wp\/v2\/media?parent=5535"}],"wp:term":[{"taxonomy":"product_brand","embeddable":true,"href":"https:\/\/faberpet.ro\/stage\/wp-json\/wp\/v2\/product_brand?post=5535"},{"taxonomy":"product_cat","embeddable":true,"href":"https:\/\/faberpet.ro\/stage\/wp-json\/wp\/v2\/product_cat?post=5535"},{"taxonomy":"product_tag","embeddable":true,"href":"https:\/\/faberpet.ro\/stage\/wp-json\/wp\/v2\/product_tag?post=5535"}],"curies":[{"name":"wp","href":"https:\/\/api.w.org\/{rel}","templated":true}]}}