{"id":5557,"date":"2024-10-21T20:35:16","date_gmt":"2024-10-21T17:35:16","guid":{"rendered":"https:\/\/faberpet.ro\/stage\/produs\/hrana-pentru-canari-500-gr\/"},"modified":"2025-08-04T11:59:28","modified_gmt":"2025-08-04T09:59:28","slug":"hrana-pentru-canari-500-gr","status":"publish","type":"product","link":"https:\/\/faberpet.ro\/stage\/produs\/hrana-pentru-canari-500-gr\/","title":{"rendered":"Hrana pentru Canari 500 gr"},"content":{"rendered":"<p>Canariul este cea mai r\u0103sp\u0103ndit\u0103 pas\u0103re de apartament \u021binut \u00eendeosebi pentru c\u00e2ntecul ei specific, aduc\u00e2nd natura \u00een mijlocul nostru. Amestecul &#8220;VOGEL&#8221; este de calitate \u0219i este remarcabil\u0103 datorit\u0103 amestecului de semin\u021be, selectat\u0103 dup\u0103 re\u021beta cresc\u0103torilor. Alimentarea se face odat\u0103 pe zi \u0219i poate fi suplimentat\u0103 cu salat\u0103, mere, sfecl\u0103, ou fiert, ca\u0219caval \u0219i pi\u0219cot. \u00cen caz de necesitate oferi\u021bi ap\u0103 proasp\u0103t\u0103. A se p\u0103stra la loc uscat \u0219i r\u0103coros. Cantitatea net\u0103: 500 gr. Compozi\u021bie: semin\u021be de rapi\u021b\u0103, semin\u021be de mei, semin\u021be de in, semin\u021be de ov\u0103z, semin\u021be de c\u00e2nep\u0103, semin\u021be de iarb\u0103, etc. Se vinde ambalat c\u00e2te 12 buc\/set! Pre\u021bul afi\u0219at este per buc!<\/p>\n","protected":false},"excerpt":{"rendered":"<p>Canariul este cea mai r\u0103sp\u0103ndit\u0103 pas\u0103re de apartament \u021binut \u00eendeosebi pentru c\u00e2ntecul ei specific, aduc\u00e2nd natura \u00een mijlocul nostru. Amestecul &#8220;VOGEL&#8221; este de calitate \u0219i este remarcabil\u0103 datorit\u0103 amestecului de semin\u021be, selectat\u0103 dup\u0103 re\u021beta cresc\u0103torilor. Alimentarea se face odat\u0103 pe zi \u0219i poate fi suplimentat\u0103 cu salat\u0103, mere, sfecl\u0103, ou fiert, ca\u0219caval \u0219i pi\u0219cot. \u00cen [&hellip;]<\/p>\n","protected":false},"featured_media":10584,"template":"","meta":[],"product_brand":[],"product_cat":[2425,174],"product_tag":[2470,2430,2469],"class_list":{"0":"post-5557","1":"product","2":"type-product","3":"status-publish","4":"has-post-thumbnail","6":"product_cat-hrana-pasari","7":"product_cat-pasari","8":"product_tag-hrana-pasari-canari","9":"product_tag-hrana-pentru-pasari","10":"product_tag-suplimente-nutritive","12":"first","13":"instock","14":"shipping-taxable","15":"purchasable","16":"product-type-simple"},"_links":{"self":[{"href":"https:\/\/faberpet.ro\/stage\/wp-json\/wp\/v2\/product\/5557","targetHints":{"allow":["GET"]}}],"collection":[{"href":"https:\/\/faberpet.ro\/stage\/wp-json\/wp\/v2\/product"}],"about":[{"href":"https:\/\/faberpet.ro\/stage\/wp-json\/wp\/v2\/types\/product"}],"wp:featuredmedia":[{"embeddable":true,"href":"https:\/\/faberpet.ro\/stage\/wp-json\/wp\/v2\/media\/10584"}],"wp:attachment":[{"href":"https:\/\/faberpet.ro\/stage\/wp-json\/wp\/v2\/media?parent=5557"}],"wp:term":[{"taxonomy":"product_brand","embeddable":true,"href":"https:\/\/faberpet.ro\/stage\/wp-json\/wp\/v2\/product_brand?post=5557"},{"taxonomy":"product_cat","embeddable":true,"href":"https:\/\/faberpet.ro\/stage\/wp-json\/wp\/v2\/product_cat?post=5557"},{"taxonomy":"product_tag","embeddable":true,"href":"https:\/\/faberpet.ro\/stage\/wp-json\/wp\/v2\/product_tag?post=5557"}],"curies":[{"name":"wp","href":"https:\/\/api.w.org\/{rel}","templated":true}]}}