{"id":5588,"date":"2024-10-21T20:35:20","date_gmt":"2024-10-21T17:35:20","guid":{"rendered":"https:\/\/faberpet.ro\/stage\/produs\/oto-san-herba-solutie-otica-pt-caini-pisici-si-iepuri-30-ml\/"},"modified":"2025-08-05T09:29:12","modified_gmt":"2025-08-05T07:29:12","slug":"oto-san-herba-solutie-otica-pt-caini-pisici-si-iepuri-30-ml","status":"publish","type":"product","link":"https:\/\/faberpet.ro\/stage\/produs\/oto-san-herba-solutie-otica-pt-caini-pisici-si-iepuri-30-ml\/","title":{"rendered":"Oto-San Herba solutie otica pt caini, pisici si iepuri 30 ml"},"content":{"rendered":"<p>Propriet\u0103\u021bi: Ca adjuvant \u00een tratamentul otitelor externe cu etiologie bacterian\u0103 \u015fi parazitar\u0103 la animalele de companie. Mod de utilizare:Uz extern \u2013 se utilizeaz\u0103 de 2- 3 ori pe zi, p\u00e2n\u0103 la vindecare, dup\u0103 o prealabil\u0103 toalet\u0103 local\u0103 a conductului auditiv extern. Ingrediente:Extract de plante medicinale:- Ieder\u0103 (Hedera helix) \u2013 Sun\u0103toare (Hypericum perforatum) \u2013 Coada \u015foricelului (Achillea millefolium) \u2013 T\u0103t\u0103neas\u0103 (Symphytum officinale) \u2013 Muguri de plop (Populus nigra) \u2013 Jale\u015f de gr\u0103din\u0103 (Salvia officinalis) \u2013 G\u0103lbenele (Calendula officinalis) \u2013 P\u0103tlagin\u0103 (Plantago major) \u2013 Brusture (Arctium lappa) \u2013 extract de Tanacetum cynerariifolium flowers \u2013 acid salicilic &#8211; excipient protector;Precau\u021bii:A nu se utiliza la indivizii care sunt alergici la unul dintre componen\u0163ii produsului. A nu se l\u0103sa la \u00eendem\u00e2na copiilor. Evita\u0163i contactul cu ochii, sp\u0103la\u0163i m\u00e2inile dup\u0103 utilizare. A se depozita la temperatura camerei. Prezentare:30 ml<\/p>\n","protected":false},"excerpt":{"rendered":"<p>Propriet\u0103\u021bi: Ca adjuvant \u00een tratamentul otitelor externe cu etiologie bacterian\u0103 \u015fi parazitar\u0103 la animalele de companie. Mod de utilizare:Uz extern \u2013 se utilizeaz\u0103 de 2- 3 ori pe zi, p\u00e2n\u0103 la vindecare, dup\u0103 o prealabil\u0103 toalet\u0103 local\u0103 a conductului auditiv extern. Ingrediente:Extract de plante medicinale:- Ieder\u0103 (Hedera helix) \u2013 Sun\u0103toare (Hypericum perforatum) \u2013 Coada \u015foricelului [&hellip;]<\/p>\n","protected":false},"featured_media":10615,"template":"","meta":[],"product_brand":[],"product_cat":[168,653,169,172,171,184,185],"product_tag":[2508,2506,2507],"class_list":{"0":"post-5588","1":"product","2":"type-product","3":"status-publish","4":"has-post-thumbnail","6":"product_cat-caini","7":"product_cat-ingrijire-rozatoare","8":"product_cat-ingrijire-caini","9":"product_cat-ingrijire-pisici","10":"product_cat-pisici","11":"product_cat-suplimente-si-vitamine","12":"product_cat-suplimente-si-vitamine-ingrijire-pisici","13":"product_tag-oto-san-herba","14":"product_tag-solutie-otica-pentru-caini","15":"product_tag-solutie-pt-pisici","17":"first","18":"instock","19":"shipping-taxable","20":"purchasable","21":"product-type-simple"},"_links":{"self":[{"href":"https:\/\/faberpet.ro\/stage\/wp-json\/wp\/v2\/product\/5588","targetHints":{"allow":["GET"]}}],"collection":[{"href":"https:\/\/faberpet.ro\/stage\/wp-json\/wp\/v2\/product"}],"about":[{"href":"https:\/\/faberpet.ro\/stage\/wp-json\/wp\/v2\/types\/product"}],"wp:featuredmedia":[{"embeddable":true,"href":"https:\/\/faberpet.ro\/stage\/wp-json\/wp\/v2\/media\/10615"}],"wp:attachment":[{"href":"https:\/\/faberpet.ro\/stage\/wp-json\/wp\/v2\/media?parent=5588"}],"wp:term":[{"taxonomy":"product_brand","embeddable":true,"href":"https:\/\/faberpet.ro\/stage\/wp-json\/wp\/v2\/product_brand?post=5588"},{"taxonomy":"product_cat","embeddable":true,"href":"https:\/\/faberpet.ro\/stage\/wp-json\/wp\/v2\/product_cat?post=5588"},{"taxonomy":"product_tag","embeddable":true,"href":"https:\/\/faberpet.ro\/stage\/wp-json\/wp\/v2\/product_tag?post=5588"}],"curies":[{"name":"wp","href":"https:\/\/api.w.org\/{rel}","templated":true}]}}