{"id":5616,"date":"2024-10-21T20:35:23","date_gmt":"2024-10-21T17:35:23","guid":{"rendered":"https:\/\/faberpet.ro\/stage\/produs\/ectocid-herba-pulbere-antiparazitara-50-gr\/"},"modified":"2025-08-05T11:00:36","modified_gmt":"2025-08-05T09:00:36","slug":"ectocid-herba-pulbere-antiparazitara-50-gr","status":"publish","type":"product","link":"https:\/\/faberpet.ro\/stage\/produs\/ectocid-herba-pulbere-antiparazitara-50-gr\/","title":{"rendered":"Ectocid Herba Pulbere antiparazitara 50 gr"},"content":{"rendered":"<p>Ectocid herba pulbere antiparazitara Produs natural recomandat ca adjuvant \u00een tratamentul infesta\u0163iilor cu pureci \u015fi p\u0103duchi la c\u00e2ini, pisici \u015fi p\u0103s\u0103ri de colivie. Uz extern: \u2013 prin pr\u0103fuirea c\u00e2inilor, pisicilor \u015fi p\u0103s\u0103rilor. C\u00e2inii \u015fi pisicii vor fi pr\u0103fui\u0163i direct pe spatele acestora \u015fi la \u00eencheieturi. P\u0103s\u0103rile se pudreaz\u0103 individual, prin ridicarea penelor, pr\u0103fuirea printre pene, pe spate \u015fi sub aripi. Se indic\u0103 pr\u0103fuirea ad\u0103posturilor \u015fi cuibarelor dup\u0103 o prealabil\u0103 cur\u0103\u0163are a acestora. Nu se utilizeaz\u0103 la p\u0103s\u0103rile, animalele cu interes economic. P\u0103strare la temperatura camerei (15 \u2013 25 grade C), ferit de umiditate. Valabilitate 2 ani, p\u0103strat \u00een ambalajul original, \u00een condi\u0163iile de p\u0103strare prev\u0103zute. Precau\u021bii:A se evita contactul direct cu ochii \u015fi zonele sensibile (organele genitale). Produsul a nu se l\u0103sa la \u00eendem\u00e2na copiilor. A se evita contaminarea alimentelor \u015fi a furajelor. Evita\u0163i contactul cu ochii, sp\u0103la\u0163i m\u00e2inile dup\u0103 utilizare.<\/p>\n","protected":false},"excerpt":{"rendered":"<p>Ectocid herba pulbere antiparazitara Produs natural recomandat ca adjuvant \u00een tratamentul infesta\u0163iilor cu pureci \u015fi p\u0103duchi la c\u00e2ini, pisici \u015fi p\u0103s\u0103ri de colivie. Uz extern: \u2013 prin pr\u0103fuirea c\u00e2inilor, pisicilor \u015fi p\u0103s\u0103rilor. C\u00e2inii \u015fi pisicii vor fi pr\u0103fui\u0163i direct pe spatele acestora \u015fi la \u00eencheieturi. P\u0103s\u0103rile se pudreaz\u0103 individual, prin ridicarea penelor, pr\u0103fuirea printre pene, [&hellip;]<\/p>\n","protected":false},"featured_media":10643,"template":"","meta":[],"product_brand":[],"product_cat":[168,175,169,172,174,171,628,173,170],"product_tag":[2531,2530,2529],"class_list":{"0":"post-5616","1":"product","2":"type-product","3":"status-publish","4":"has-post-thumbnail","6":"product_cat-caini","7":"product_cat-ingrijire-pasari","8":"product_cat-ingrijire-caini","9":"product_cat-ingrijire-pisici","10":"product_cat-pasari","11":"product_cat-pisici","12":"product_cat-porumbei","13":"product_cat-solutii-antiparazitare-ingrijire-pisici","14":"product_cat-solutii-antiparazitare","15":"product_tag-ectocid-pulbere","16":"product_tag-pulbere-antiparazitara","17":"product_tag-solutii-antiparazitare","19":"first","20":"instock","21":"shipping-taxable","22":"purchasable","23":"product-type-simple"},"_links":{"self":[{"href":"https:\/\/faberpet.ro\/stage\/wp-json\/wp\/v2\/product\/5616","targetHints":{"allow":["GET"]}}],"collection":[{"href":"https:\/\/faberpet.ro\/stage\/wp-json\/wp\/v2\/product"}],"about":[{"href":"https:\/\/faberpet.ro\/stage\/wp-json\/wp\/v2\/types\/product"}],"wp:featuredmedia":[{"embeddable":true,"href":"https:\/\/faberpet.ro\/stage\/wp-json\/wp\/v2\/media\/10643"}],"wp:attachment":[{"href":"https:\/\/faberpet.ro\/stage\/wp-json\/wp\/v2\/media?parent=5616"}],"wp:term":[{"taxonomy":"product_brand","embeddable":true,"href":"https:\/\/faberpet.ro\/stage\/wp-json\/wp\/v2\/product_brand?post=5616"},{"taxonomy":"product_cat","embeddable":true,"href":"https:\/\/faberpet.ro\/stage\/wp-json\/wp\/v2\/product_cat?post=5616"},{"taxonomy":"product_tag","embeddable":true,"href":"https:\/\/faberpet.ro\/stage\/wp-json\/wp\/v2\/product_tag?post=5616"}],"curies":[{"name":"wp","href":"https:\/\/api.w.org\/{rel}","templated":true}]}}