{"id":5660,"date":"2024-10-21T20:35:30","date_gmt":"2024-10-21T17:35:30","guid":{"rendered":"https:\/\/faberpet.ro\/stage\/produs\/columbo-vit-broncho-pt-porumbei-200-ml\/"},"modified":"2025-08-27T08:07:00","modified_gmt":"2025-08-27T06:07:00","slug":"columbo-vit-broncho-pt-porumbei-200-ml","status":"publish","type":"product","link":"https:\/\/faberpet.ro\/stage\/produs\/columbo-vit-broncho-pt-porumbei-200-ml\/","title":{"rendered":"Columbo-Vit Broncho pt porumbei 200 ml"},"content":{"rendered":"<p>Propriet\u0103\u021bi: Con\u0163ine extract de plante medicinale care au propriet\u0103\u0163i expectorante, antiinflamatoare, antialergice, antitusive, calm\u00e2nd tusea \u015fi cur\u0103\u0163\u00e2nd c\u0103ile respiratorii, fluidific\u00e2nd secre\u021biile bron\u0219ice, mucusul, \u00een faringite, \u00een bron\u0219ite acute \u0219i cronice, \u00een traheo- bron\u0219ite acute \u0219i astm bron\u0219ic. Se recomand\u0103 folosirea la porumbei. Calmeaz\u0103 tusea \u015fi cur\u0103\u0163\u0103 c\u0103ile respiratorii, fluidific\u00e2nd secre\u021biile bron\u0219ice, mucusul. Adjuvant \u00een afec\u0163iuni respiratorii, faringite, bron\u015fite acute \u015fi cronice, traheo- bron\u015fite acute, astm bron\u0219ic. Mod de utilizare:Se administreaz\u0103 la porumbei pe cale oral\u0103, 3- 5 ml\/1 L ap\u0103 de b\u0103ut, timp de 5- 7 zile. Se poate administra \u00een continuu \u00een caz de necesitate. Ingrediente:Plantago (p\u0103tlagin\u0103) \u2022 Primula veris (ciubotica cucului) \u2022 Pinus sylvestris (muguri pin) \u2022 Thymus serpyllum (cimbri\u0219or) \u2022 Origanum vulgare (\u0219ov\u00e2rf) \u2022 Glyrrhiza glabra (lemn dulce) \u2022 Tilia europea (tei floare)Precau\u021bii:A nu se l\u0103sa la \u00eendem\u00e2na copiilor. A nu se refolosi flaconul dup\u0103 golire. Prezentare:200 ml<\/p>\n","protected":false},"excerpt":{"rendered":"<p>Propriet\u0103\u021bi: Con\u0163ine extract de plante medicinale care au propriet\u0103\u0163i expectorante, antiinflamatoare, antialergice, antitusive, calm\u00e2nd tusea \u015fi cur\u0103\u0163\u00e2nd c\u0103ile respiratorii, fluidific\u00e2nd secre\u021biile bron\u0219ice, mucusul, \u00een faringite, \u00een bron\u0219ite acute \u0219i cronice, \u00een traheo- bron\u0219ite acute \u0219i astm bron\u0219ic. Se recomand\u0103 folosirea la porumbei. Calmeaz\u0103 tusea \u015fi cur\u0103\u0163\u0103 c\u0103ile respiratorii, fluidific\u00e2nd secre\u021biile bron\u0219ice, mucusul. Adjuvant \u00een afec\u0163iuni [&hellip;]<\/p>\n","protected":false},"featured_media":10684,"template":"","meta":[],"product_brand":[],"product_cat":[174,628],"product_tag":[2567,2564,2563],"class_list":{"0":"post-5660","1":"product","2":"type-product","3":"status-publish","4":"has-post-thumbnail","6":"product_cat-pasari","7":"product_cat-porumbei","8":"product_tag-broncho-pentru-porumbei","9":"product_tag-ingrjire-porumbei","10":"product_tag-nutrienti-porumbei","12":"first","13":"instock","14":"shipping-taxable","15":"purchasable","16":"product-type-simple"},"_links":{"self":[{"href":"https:\/\/faberpet.ro\/stage\/wp-json\/wp\/v2\/product\/5660","targetHints":{"allow":["GET"]}}],"collection":[{"href":"https:\/\/faberpet.ro\/stage\/wp-json\/wp\/v2\/product"}],"about":[{"href":"https:\/\/faberpet.ro\/stage\/wp-json\/wp\/v2\/types\/product"}],"wp:featuredmedia":[{"embeddable":true,"href":"https:\/\/faberpet.ro\/stage\/wp-json\/wp\/v2\/media\/10684"}],"wp:attachment":[{"href":"https:\/\/faberpet.ro\/stage\/wp-json\/wp\/v2\/media?parent=5660"}],"wp:term":[{"taxonomy":"product_brand","embeddable":true,"href":"https:\/\/faberpet.ro\/stage\/wp-json\/wp\/v2\/product_brand?post=5660"},{"taxonomy":"product_cat","embeddable":true,"href":"https:\/\/faberpet.ro\/stage\/wp-json\/wp\/v2\/product_cat?post=5660"},{"taxonomy":"product_tag","embeddable":true,"href":"https:\/\/faberpet.ro\/stage\/wp-json\/wp\/v2\/product_tag?post=5660"}],"curies":[{"name":"wp","href":"https:\/\/api.w.org\/{rel}","templated":true}]}}