{"id":5666,"date":"2024-10-21T20:35:31","date_gmt":"2024-10-21T17:35:31","guid":{"rendered":"https:\/\/faberpet.ro\/stage\/produs\/columbo-vit-imuno-pt-porumbei-200-ml\/"},"modified":"2025-08-27T08:09:44","modified_gmt":"2025-08-27T06:09:44","slug":"columbo-vit-imuno-pt-porumbei-200-ml","status":"publish","type":"product","link":"https:\/\/faberpet.ro\/stage\/produs\/columbo-vit-imuno-pt-porumbei-200-ml\/","title":{"rendered":"Columbo-Vit Imuno pt porumbei 200 ml"},"content":{"rendered":"<p>Propriet\u0103\u021bi: Con\u0163ine extract de plante medicinale care au propriet\u0103\u0163i \u00een \u00eent\u0103rirea sistemului imunitar, imunostimulatoare, cresc\u00e2nd imunitatea nespecific\u0103 a organismului, stimul\u00e2nd activitatea hepatobiliar\u0103, depurativ\u0103, \u00een cre\u015fterea rezisten\u0163ei organismului fa\u0163\u0103 de diferite afec\u0163iuni bacteriene, virale, micotice sau parazitare, scurt\u00e2nd convalescen\u0163a. Se recomand\u0103 folosirea la porumbei. Mod de utilizare:Se administreaz\u0103 la porumbei pe cale oral\u0103, 2- 3 ml\/1 L ap\u0103 de b\u0103ut, timp de 7- 10 zile. Ingrediente:Lamium (urzic\u0103 moart\u0103 alb\u0103)\u2022Echinaceea (echinacea)\u2022Calendula officinalis (g\u0103lbenele)\u2022Achillea millefolium (coada \u0219oricelului)\u2022Solidago virgaurea (splinu\u021b\u0103)\u2022Eupatoria cannabium (c\u00e2nepa codrului)\u2022Hippophae rhamnoides (c\u0103tin\u0103 fructe m\u0103cinate)\u2022 Artemisia annua (pelini\u021b\u0103)\u2022 Allium sativum (usturoi)Precau\u021bii:A nu se l\u0103sa la \u00eendem\u00e2na copiilor. A nu se refolosi flaconul dup\u0103 golire. Prezentare:200 ml<\/p>\n","protected":false},"excerpt":{"rendered":"<p>Propriet\u0103\u021bi: Con\u0163ine extract de plante medicinale care au propriet\u0103\u0163i \u00een \u00eent\u0103rirea sistemului imunitar, imunostimulatoare, cresc\u00e2nd imunitatea nespecific\u0103 a organismului, stimul\u00e2nd activitatea hepatobiliar\u0103, depurativ\u0103, \u00een cre\u015fterea rezisten\u0163ei organismului fa\u0163\u0103 de diferite afec\u0163iuni bacteriene, virale, micotice sau parazitare, scurt\u00e2nd convalescen\u0163a. Se recomand\u0103 folosirea la porumbei. Mod de utilizare:Se administreaz\u0103 la porumbei pe cale oral\u0103, 2- 3 ml\/1 [&hellip;]<\/p>\n","protected":false},"featured_media":10690,"template":"","meta":[],"product_brand":[],"product_cat":[174,628],"product_tag":[2570,2564,2563],"class_list":{"0":"post-5666","1":"product","2":"type-product","3":"status-publish","4":"has-post-thumbnail","6":"product_cat-pasari","7":"product_cat-porumbei","8":"product_tag-imuno-pentru-porumbei","9":"product_tag-ingrjire-porumbei","10":"product_tag-nutrienti-porumbei","12":"first","13":"instock","14":"shipping-taxable","15":"purchasable","16":"product-type-simple"},"_links":{"self":[{"href":"https:\/\/faberpet.ro\/stage\/wp-json\/wp\/v2\/product\/5666","targetHints":{"allow":["GET"]}}],"collection":[{"href":"https:\/\/faberpet.ro\/stage\/wp-json\/wp\/v2\/product"}],"about":[{"href":"https:\/\/faberpet.ro\/stage\/wp-json\/wp\/v2\/types\/product"}],"wp:featuredmedia":[{"embeddable":true,"href":"https:\/\/faberpet.ro\/stage\/wp-json\/wp\/v2\/media\/10690"}],"wp:attachment":[{"href":"https:\/\/faberpet.ro\/stage\/wp-json\/wp\/v2\/media?parent=5666"}],"wp:term":[{"taxonomy":"product_brand","embeddable":true,"href":"https:\/\/faberpet.ro\/stage\/wp-json\/wp\/v2\/product_brand?post=5666"},{"taxonomy":"product_cat","embeddable":true,"href":"https:\/\/faberpet.ro\/stage\/wp-json\/wp\/v2\/product_cat?post=5666"},{"taxonomy":"product_tag","embeddable":true,"href":"https:\/\/faberpet.ro\/stage\/wp-json\/wp\/v2\/product_tag?post=5666"}],"curies":[{"name":"wp","href":"https:\/\/api.w.org\/{rel}","templated":true}]}}