{"id":5676,"date":"2024-10-21T20:35:33","date_gmt":"2024-10-21T17:35:33","guid":{"rendered":"https:\/\/faberpet.ro\/stage\/produs\/columbo-vit-salmonella-pt-porumbei-200-ml\/"},"modified":"2025-08-27T08:12:40","modified_gmt":"2025-08-27T06:12:40","slug":"columbo-vit-salmonella-pt-porumbei-200-ml","status":"publish","type":"product","link":"https:\/\/faberpet.ro\/stage\/produs\/columbo-vit-salmonella-pt-porumbei-200-ml\/","title":{"rendered":"Columbo-Vit Salmonella pt porumbei 200 ml"},"content":{"rendered":"<p>Propriet\u0103\u021bi: Con\u0163ine extracte de plante medicinale care au propriet\u0103\u0163i antiinflamatoare, antidiareice, antihemoragice, antiemetice, analgezice locale, antispastice \u015fi astringente, \u00een Salmonella sp. , \u00een enterocolite, diaree cronice \u015fi acute, dizenterii, dureri abdominale cu crampe, balon\u0103ri intestinale, \u00een infec\u0163iile bacteriene (Salmonella sp. ), fungice \u015fi virale ale tubului digestiv, \u00een afec\u0163iuni ale aparatului digestiv. Se recomand\u0103 folosirea la porumbei. Mod de utilizare:Se administreaz\u0103 la porumbei pe cale oral\u0103, 2- 3 ml\/1 L ap\u0103 de b\u0103ut, timp de 7- 10 zile. \u00cen cazurile grave doza se dubleaz\u0103. Se poate administra \u00een continuu \u00een caz de necesitate. Ingrediente:Origanum vulgare (sov\u00e2rf)\u2022Calendula officinalis (g\u0103lbenele)\u2022Mentha (ment\u0103)\u2022Hypericum perforatum (sun\u0103toare)\u2022Plantago (p\u0103tlagin\u0103))\u2022Achillea millefolium (coada \u0219oricelului)Precau\u021bii:A nu se l\u0103sa la \u00eendem\u00e2na copiilor. A nu se refolosi flaconul dup\u0103 golire. Prezentare:200 ml<\/p>\n","protected":false},"excerpt":{"rendered":"<p>Propriet\u0103\u021bi: Con\u0163ine extracte de plante medicinale care au propriet\u0103\u0163i antiinflamatoare, antidiareice, antihemoragice, antiemetice, analgezice locale, antispastice \u015fi astringente, \u00een Salmonella sp. , \u00een enterocolite, diaree cronice \u015fi acute, dizenterii, dureri abdominale cu crampe, balon\u0103ri intestinale, \u00een infec\u0163iile bacteriene (Salmonella sp. ), fungice \u015fi virale ale tubului digestiv, \u00een afec\u0163iuni ale aparatului digestiv. Se recomand\u0103 folosirea [&hellip;]<\/p>\n","protected":false},"featured_media":10699,"template":"","meta":[],"product_brand":[],"product_cat":[174,628],"product_tag":[2575,2564,2563],"class_list":{"0":"post-5676","1":"product","2":"type-product","3":"status-publish","4":"has-post-thumbnail","6":"product_cat-pasari","7":"product_cat-porumbei","8":"product_tag-antisalmonella-pentru-porumbei","9":"product_tag-ingrjire-porumbei","10":"product_tag-nutrienti-porumbei","12":"first","13":"instock","14":"shipping-taxable","15":"purchasable","16":"product-type-simple"},"_links":{"self":[{"href":"https:\/\/faberpet.ro\/stage\/wp-json\/wp\/v2\/product\/5676","targetHints":{"allow":["GET"]}}],"collection":[{"href":"https:\/\/faberpet.ro\/stage\/wp-json\/wp\/v2\/product"}],"about":[{"href":"https:\/\/faberpet.ro\/stage\/wp-json\/wp\/v2\/types\/product"}],"wp:featuredmedia":[{"embeddable":true,"href":"https:\/\/faberpet.ro\/stage\/wp-json\/wp\/v2\/media\/10699"}],"wp:attachment":[{"href":"https:\/\/faberpet.ro\/stage\/wp-json\/wp\/v2\/media?parent=5676"}],"wp:term":[{"taxonomy":"product_brand","embeddable":true,"href":"https:\/\/faberpet.ro\/stage\/wp-json\/wp\/v2\/product_brand?post=5676"},{"taxonomy":"product_cat","embeddable":true,"href":"https:\/\/faberpet.ro\/stage\/wp-json\/wp\/v2\/product_cat?post=5676"},{"taxonomy":"product_tag","embeddable":true,"href":"https:\/\/faberpet.ro\/stage\/wp-json\/wp\/v2\/product_tag?post=5676"}],"curies":[{"name":"wp","href":"https:\/\/api.w.org\/{rel}","templated":true}]}}