{"id":5678,"date":"2024-10-21T20:35:33","date_gmt":"2024-10-21T17:35:33","guid":{"rendered":"https:\/\/faberpet.ro\/stage\/produs\/calci-bio-vit-crestere-d3-cu-macese-si-catina-pt-catei-200-g\/"},"modified":"2025-08-05T08:39:02","modified_gmt":"2025-08-05T06:39:02","slug":"calci-bio-vit-crestere-d3-cu-macese-si-catina-pt-catei-200-g","status":"publish","type":"product","link":"https:\/\/faberpet.ro\/stage\/produs\/calci-bio-vit-crestere-d3-cu-macese-si-catina-pt-catei-200-g\/","title":{"rendered":"Calci-Bio-Vit Crestere +D3 cu macese si catina pt. catei 200 g"},"content":{"rendered":"<p>Propriet\u0103\u021bi: Produsul este un supliment nutritiv, care, datorit\u0103 con\u0163inutului \u00een calciu \u015fi vit. d3 ajut\u0103 la dezvoltarea scheletului la c\u0103\u0163ei, reechilibreaz\u0103 sistemul osos la femele gestante \u015fi lactante. Datorit\u0103 con\u0163inutului \u00een c\u0103tin\u0103 \u015fi m\u0103ce\u015fe, produsul este o surs\u0103 de complex vitaminic natural (con\u0163ine vitaminele c, a, b1, b2, b6, b9, e, k, p, f, betacaroten) \u015fi mineral (fosfor, calciu, magneziu, potasiu, fier \u015fi sodiu), cu propriet\u0103\u0163i vitaminizante \u015fi mieralizante, digestive, tonice, stimulente \u015fi imunostimulatoare. Fortific\u0103 organismul \u015fi previne formarea litiazei biliare \u015fi renale. Mod de utilizare:Se administreaz\u0103 \u00een hran\u0103:\u00bd linguri\u0163\u0103\/zi la c\u00e2ini de talie mic\u01031 linguri\u0163\u0103\/zi la c\u00e2ini de talie mijlocie2 linguri\u0163\u0103\/zi la c\u00e2ini de talie mare La c\u0103\u0163elele gestante \u015fi lactante doza se dubleaz\u0103. Ingrediente:100 g produs con\u0163ine:Carbonat de Calciu 20g , Vit. D3 \u2013 1500 U. I, Fructe de c\u0103tin\u0103 \u2013 10 g, M\u0103ce\u015fe coaj\u0103 \u2013 10 g, mg Metionin\u0103\u2026\u2026\u2026\u2026\u2026. 0, 125 mg Lecitin\u0103\u2026\u2026\u2026\u2026\u2026\u2026. 0, 250 mg Cholin\u2026\u2026\u2026\u2026\u2026\u2026\u20260, 125 mg Betain\u2026\u2026\u2026\u2026\u2026\u2026\u20260, 125 mg Seleniu\u2026\u2026\u2026\u2026\u2026\u2026. . 0, 125 mg Ferozone\u2026\u2026\u2026\u2026\u2026\u20260, 125 mg Zinc\u2026\u2026\u2026\u2026\u2026\u2026\u2026\u2026. 0, 125 mg Potasiu\u2026\u2026\u2026\u2026\u2026\u2026. . 0, 125 mg Iod\u2026\u2026\u2026\u2026\u2026\u2026\u2026\u2026. . 0, 125 mg M\u0103ce\u0219e\u2026\u2026\u2026\u2026\u2026\u2026. 500 mg C\u0103tin\u0103\u2026\u2026\u2026\u2026\u2026\u2026\u2026 125 mg. Precau\u021bii:A nu se l\u0103sa la \u00eendem\u00e2na copiilor. A nu se refolosi flaconul dup\u0103 golire. Prezentare:200 g<\/p>\n","protected":false},"excerpt":{"rendered":"<p>Propriet\u0103\u021bi: Produsul este un supliment nutritiv, care, datorit\u0103 con\u0163inutului \u00een calciu \u015fi vit. d3 ajut\u0103 la dezvoltarea scheletului la c\u0103\u0163ei, reechilibreaz\u0103 sistemul osos la femele gestante \u015fi lactante. Datorit\u0103 con\u0163inutului \u00een c\u0103tin\u0103 \u015fi m\u0103ce\u015fe, produsul este o surs\u0103 de complex vitaminic natural (con\u0163ine vitaminele c, a, b1, b2, b6, b9, e, k, p, f, betacaroten) [&hellip;]<\/p>\n","protected":false},"featured_media":10701,"template":"","meta":[],"product_brand":[],"product_cat":[168,169,184],"product_tag":[2578,2576,2577],"class_list":{"0":"post-5678","1":"product","2":"type-product","3":"status-publish","4":"has-post-thumbnail","6":"product_cat-caini","7":"product_cat-ingrijire-caini","8":"product_cat-suplimente-si-vitamine","9":"product_tag-calci-bio-vit-crestere","10":"product_tag-suplimente-pentru-caini","11":"product_tag-suplimente-pentru-pisici","13":"first","14":"instock","15":"shipping-taxable","16":"purchasable","17":"product-type-simple"},"_links":{"self":[{"href":"https:\/\/faberpet.ro\/stage\/wp-json\/wp\/v2\/product\/5678","targetHints":{"allow":["GET"]}}],"collection":[{"href":"https:\/\/faberpet.ro\/stage\/wp-json\/wp\/v2\/product"}],"about":[{"href":"https:\/\/faberpet.ro\/stage\/wp-json\/wp\/v2\/types\/product"}],"wp:featuredmedia":[{"embeddable":true,"href":"https:\/\/faberpet.ro\/stage\/wp-json\/wp\/v2\/media\/10701"}],"wp:attachment":[{"href":"https:\/\/faberpet.ro\/stage\/wp-json\/wp\/v2\/media?parent=5678"}],"wp:term":[{"taxonomy":"product_brand","embeddable":true,"href":"https:\/\/faberpet.ro\/stage\/wp-json\/wp\/v2\/product_brand?post=5678"},{"taxonomy":"product_cat","embeddable":true,"href":"https:\/\/faberpet.ro\/stage\/wp-json\/wp\/v2\/product_cat?post=5678"},{"taxonomy":"product_tag","embeddable":true,"href":"https:\/\/faberpet.ro\/stage\/wp-json\/wp\/v2\/product_tag?post=5678"}],"curies":[{"name":"wp","href":"https:\/\/api.w.org\/{rel}","templated":true}]}}