{"id":5695,"date":"2024-10-21T20:35:35","date_gmt":"2024-10-21T17:35:35","guid":{"rendered":"https:\/\/faberpet.ro\/stage\/produs\/pro-vit-c-plus-animale-ferma-100-ml\/"},"modified":"2025-08-05T08:47:31","modified_gmt":"2025-08-05T06:47:31","slug":"pro-vit-c-plus-animale-ferma-100-ml","status":"publish","type":"product","link":"https:\/\/faberpet.ro\/stage\/produs\/pro-vit-c-plus-animale-ferma-100-ml\/","title":{"rendered":"Pro-Vit C Plus animale ferma 100 ml"},"content":{"rendered":"<p>Propriet\u0103\u021bi: Solutie pentru controlul si tratamentul deficientelor vitaminice, rahitismului si osteomalaciior precum si in ameliorarea ratiilor furajere deficitare. Ajut\u0103 la \u00eent\u0103rirea sistemului imunitar, protejeaz\u0103 \u00een perioada de stres, \u00eembun\u0103t\u0103\u0163e\u015fte sporul \u00een greutate \u015fi capacitatea reproductiv\u0103. Mareste rezistenta organismului fata de infectii si are un important efect antistres. Favorizeaza formarea colagenului, a cartilajelor, a dentinei si oseinei, accelereaza procesul de cicatrizare al plagilor. Stimuleaza hematopoieza, absorbtia fierului din intestin, antitoxic, antiinfectios si tonifiant. Se recomand\u0103 folosirea la cabaline, rumeg\u0103toare mari \u015fi mici, porcine, iepuri, pasari, porumbei. Mod de utilizare:Se administreaz\u0103 \u00een ap\u0103 de b\u0103ut, timp de 3 \u2013 5 zile. Suine, miei, vi\u021bei, m\u00e2nji: 1 ml\/10 kg corporal\u0103\/zi. Iepuri, p\u0103s\u0103ri, porumbei: 0, 5 \u2013 1 ml\/1 L ap\u0103 de b\u0103ut. Se va utiliza zilnic solu\u021bii proasp\u0103t preparate. A se agita produsul \u00eenainte de utilizare. Ingrediente:Vitamina A \u2026\u2026\u2026. . 10. 000. 000 UI, Vitamina D3 \u2026\u2026\u2026. . 1. 000. 000 UI, Vitamina E \u2026\u2026\u2026\u2026\u2026\u2026\u2026\u2026. 10 g, Vitamina K \u2026\u2026\u2026\u2026\u2026\u2026\u2026. 200 mg, Vitamina B1 \u2026\u2026\u2026\u2026\u2026\u2026\u2026\u20262 g, Vitamina B2 \u2026\u2026\u2026\u2026\u2026\u2026. 200 mg, Vitamina B6 \u2026\u2026\u2026\u2026\u2026\u2026\u2026. . 2 g, Vitamina B12 \u2026\u2026\u2026\u2026\u2026\u2026. 20 \u00b5g, D- panthenol \u2026\u2026\u2026\u2026\u2026\u2026\u2026. . 6, 5 g, Acid folic \u2026\u2026\u2026\u2026\u2026\u2026\u2026\u2026. 20 mg, Niacinamida \u2026\u2026\u2026\u2026\u2026\u2026\u2026. . 2 g, Vitamina C \u2026\u2026\u2026\u2026\u2026\u2026\u2026\u202630 g, Cholina \u2026\u2026\u2026\u2026\u2026\u2026\u2026\u2026. . 140 mg, Betaina \u2026\u2026\u2026\u2026\u2026\u2026\u2026\u2026\u2026. 10 mg. Precau\u021bii:A nu se l\u0103sa la \u00eendem\u00e2na copiilor. A nu se refolosi flaconul dup\u0103 golire. Prezentare:100 ml<\/p>\n","protected":false},"excerpt":{"rendered":"<p>Propriet\u0103\u021bi: Solutie pentru controlul si tratamentul deficientelor vitaminice, rahitismului si osteomalaciior precum si in ameliorarea ratiilor furajere deficitare. Ajut\u0103 la \u00eent\u0103rirea sistemului imunitar, protejeaz\u0103 \u00een perioada de stres, \u00eembun\u0103t\u0103\u0163e\u015fte sporul \u00een greutate \u015fi capacitatea reproductiv\u0103. Mareste rezistenta organismului fata de infectii si are un important efect antistres. Favorizeaza formarea colagenului, a cartilajelor, a dentinei si [&hellip;]<\/p>\n","protected":false},"featured_media":10716,"template":"","meta":[],"product_brand":[],"product_cat":[2694,166,167,174,628],"product_tag":[2582,2513,2583],"class_list":{"0":"post-5695","1":"product","2":"type-product","3":"status-publish","4":"has-post-thumbnail","6":"product_cat-alte-animale","7":"product_cat-animale-ferma","8":"product_cat-cai-si-vaci","9":"product_cat-pasari","10":"product_cat-porumbei","11":"product_tag-complex-vitaminic","12":"product_tag-ingrijire-animale-ferma","13":"product_tag-pro-vit","15":"first","16":"instock","17":"shipping-taxable","18":"purchasable","19":"product-type-simple"},"_links":{"self":[{"href":"https:\/\/faberpet.ro\/stage\/wp-json\/wp\/v2\/product\/5695","targetHints":{"allow":["GET"]}}],"collection":[{"href":"https:\/\/faberpet.ro\/stage\/wp-json\/wp\/v2\/product"}],"about":[{"href":"https:\/\/faberpet.ro\/stage\/wp-json\/wp\/v2\/types\/product"}],"wp:featuredmedia":[{"embeddable":true,"href":"https:\/\/faberpet.ro\/stage\/wp-json\/wp\/v2\/media\/10716"}],"wp:attachment":[{"href":"https:\/\/faberpet.ro\/stage\/wp-json\/wp\/v2\/media?parent=5695"}],"wp:term":[{"taxonomy":"product_brand","embeddable":true,"href":"https:\/\/faberpet.ro\/stage\/wp-json\/wp\/v2\/product_brand?post=5695"},{"taxonomy":"product_cat","embeddable":true,"href":"https:\/\/faberpet.ro\/stage\/wp-json\/wp\/v2\/product_cat?post=5695"},{"taxonomy":"product_tag","embeddable":true,"href":"https:\/\/faberpet.ro\/stage\/wp-json\/wp\/v2\/product_tag?post=5695"}],"curies":[{"name":"wp","href":"https:\/\/api.w.org\/{rel}","templated":true}]}}