{"id":5731,"date":"2024-10-21T20:35:40","date_gmt":"2024-10-21T17:35:40","guid":{"rendered":"https:\/\/faberpet.ro\/stage\/produs\/herba-top-pneumo-pt-animale-ferma-100-ml\/"},"modified":"2025-08-27T07:48:15","modified_gmt":"2025-08-27T05:48:15","slug":"herba-top-pneumo-pt-animale-ferma-100-ml","status":"publish","type":"product","link":"https:\/\/faberpet.ro\/stage\/produs\/herba-top-pneumo-pt-animale-ferma-100-ml\/","title":{"rendered":"Herba-Top Pneumo pt. animale ferma 100 ml"},"content":{"rendered":"<p>Propriet\u0103\u021bi: Con\u0163ine extracte de plante medicinale care au propriet\u0103\u0163i antiseptice, antiinflamatoare, expectorante, antitusive, \u00een broncho- pneumonii acute \u015fi cronice, pleurite, bron\u015fit\u0103 spastic\u0103, faringite, bron\u015fite acute \u015fi cronice, \u00een traheo- bron\u015fite acute, \u00een infec\u0163iile bacteriene, fungicide \u015fi virale ale aparatului respirator, \u00een convalescen\u0163\u0103 dup\u0103 afec\u0163iuni respiratorii \u015fi circulatorii, \u00eembun\u0103t\u0103\u0163ind circula\u0163ia sanguin\u0103, fluidific\u00e2nd secre\u0163iile bron\u015fice, degaj\u00e2nd sinusurile, bronhiile \u015fi pl\u0103m\u00e2nii. Se recomand\u0103 folosirea la cabaline, rumeg\u0103toare mari \u015fi mici, porcine, p\u0103s\u0103ri, curci, porumbei, iepuri. Mod de utilizare:Se administreaz\u0103 pe cale oral\u0103, \u00een ap\u0103 de b\u0103ut, 5- 7 zile, \u00een urm\u0103toarele doze \u2013 Cabaline: 40- 60 ml de 2- 3 ori pe zi \u00een ap\u0103 de b\u0103ut. Bovine adulte: 40- 60 ml de 2- 3 ori pe zi (\u00een ap\u0103 de b\u0103ut sau breuvaj). Vi\u0163ei, oi \u015fi capre: 15- 25 ml de 2- 3 ori pe zi (\u00een ap\u0103 de b\u0103ut sau breuvaj). Porcine: 5- 15 ml (\u00een func\u0163ie de greutate), de 2- 3 ori pe zi, \u00een ap\u0103 sau \u00een hran\u0103. P\u0103s\u0103ri, curci, porumbei, iepuri : \u00een ap\u0103 de b\u0103ut 2- 3 ml\/1 L ap\u0103, 7- 10 zile. Se poate administra \u00een continuu \u00een caz de necesitate. Se poate folosi p\u00e2n\u0103 la sacrificare. Ingrediente:Pulmonaria officinalis (plamanirca)\u2022Thymus serpyllum (cimbri\u0219or)\u2022 Agrimonia eupatoria (turia mare) \u2022 Foeniculum vulgare (fenicul)\u2022Chelidonium majus (rostpasc\u0103)\u2022Hypericum perforatum(sun\u0103toare)\u2022 Pinus sylvestris (muguri pin)\u2022Populus nigra(muguri de plop)\u2022Plantago (p\u0103tlagin\u0103)\u2022Rosmarinus officinalis (rozmarin)\u2022Urtica dioica (urzica frunz\u0103)\u2022Mentha (ment\u0103)\u2022 Angelica archangelica (angelica)\u2022Allium cepa (ceapa galben\u0103)\u2022Allium sativum (ustoroi)Precau\u021bii:A nu se l\u0103sa la \u00eendem\u00e2na copiilor. A nu se refolosi flaconul dup\u0103 golire. Prezentare:100 ml<\/p>\n","protected":false},"excerpt":{"rendered":"<p>Propriet\u0103\u021bi: Con\u0163ine extracte de plante medicinale care au propriet\u0103\u0163i antiseptice, antiinflamatoare, expectorante, antitusive, \u00een broncho- pneumonii acute \u015fi cronice, pleurite, bron\u015fit\u0103 spastic\u0103, faringite, bron\u015fite acute \u015fi cronice, \u00een traheo- bron\u015fite acute, \u00een infec\u0163iile bacteriene, fungicide \u015fi virale ale aparatului respirator, \u00een convalescen\u0163\u0103 dup\u0103 afec\u0163iuni respiratorii \u015fi circulatorii, \u00eembun\u0103t\u0103\u0163ind circula\u0163ia sanguin\u0103, fluidific\u00e2nd secre\u0163iile bron\u015fice, degaj\u00e2nd sinusurile, [&hellip;]<\/p>\n","protected":false},"featured_media":10718,"template":"","meta":[],"product_brand":[],"product_cat":[2694,166],"product_tag":[2515,2607,2513],"class_list":{"0":"post-5731","1":"product","2":"type-product","3":"status-publish","4":"has-post-thumbnail","6":"product_cat-alte-animale","7":"product_cat-animale-ferma","8":"product_tag-afectiuni-respiratorii","9":"product_tag-herba-top-pneumo","10":"product_tag-ingrijire-animale-ferma","12":"first","13":"instock","14":"shipping-taxable","15":"purchasable","16":"product-type-simple"},"_links":{"self":[{"href":"https:\/\/faberpet.ro\/stage\/wp-json\/wp\/v2\/product\/5731","targetHints":{"allow":["GET"]}}],"collection":[{"href":"https:\/\/faberpet.ro\/stage\/wp-json\/wp\/v2\/product"}],"about":[{"href":"https:\/\/faberpet.ro\/stage\/wp-json\/wp\/v2\/types\/product"}],"wp:featuredmedia":[{"embeddable":true,"href":"https:\/\/faberpet.ro\/stage\/wp-json\/wp\/v2\/media\/10718"}],"wp:attachment":[{"href":"https:\/\/faberpet.ro\/stage\/wp-json\/wp\/v2\/media?parent=5731"}],"wp:term":[{"taxonomy":"product_brand","embeddable":true,"href":"https:\/\/faberpet.ro\/stage\/wp-json\/wp\/v2\/product_brand?post=5731"},{"taxonomy":"product_cat","embeddable":true,"href":"https:\/\/faberpet.ro\/stage\/wp-json\/wp\/v2\/product_cat?post=5731"},{"taxonomy":"product_tag","embeddable":true,"href":"https:\/\/faberpet.ro\/stage\/wp-json\/wp\/v2\/product_tag?post=5731"}],"curies":[{"name":"wp","href":"https:\/\/api.w.org\/{rel}","templated":true}]}}