{"id":5775,"date":"2024-10-21T20:35:45","date_gmt":"2024-10-21T17:35:45","guid":{"rendered":"https:\/\/faberpet.ro\/stage\/produs\/herba-treat-renal-ptr-caini-si-pisici-200-ml\/"},"modified":"2025-08-27T08:01:05","modified_gmt":"2025-08-27T06:01:05","slug":"herba-treat-renal-ptr-caini-si-pisici-200-ml","status":"publish","type":"product","link":"https:\/\/faberpet.ro\/stage\/produs\/herba-treat-renal-ptr-caini-si-pisici-200-ml\/","title":{"rendered":"Herba-Treat Renal ptr caini si pisici 200 ml"},"content":{"rendered":"<p>Propriet\u0103\u021bi: &#8211; remediu pentru tratarea reten\u021biei de lichide, cu propriet\u0103\u021bi diuretice \u0219i antiinflamatoare;- ajut\u0103 la tratarea pietrelor la rinichi \u0219i a infec\u021biilor urinare;- antiseptic natural cu propriet\u0103\u021bi detoxifiante, depurative;- cre\u0219te eliminarea acidului uric prin urin\u0103;- favorizeaz\u0103 eliminarea toxinelor din organism \u0219i limiteaz\u0103 dezvoltarea agen\u021biilor patogeni \u0219i inflama\u021bia \u00een interiorul aparatului urinar. Mod de utilizare:Se administreaz\u0103 pe cale oral\u0103, diluat \u00een ap\u0103 de b\u0103ut, timp de 7- 10 zile, \u00een urm\u0103toarele doze: 1- 2 ml\/10 kg. Ingrediente:Solidago virgaurea (splinu\u021b\u0103); Equisetum arvense (coada calului), Urtica dioica (urzic\u0103, Foeniculum vulgare (fenicul), Arctium lappa (bru\u0219ture), Agrimonia eupatoria (turi\u021b\u0103 mare), Juniperus communis (ienup\u0103r), Juglans regia (nuc frunze), Ononis spinosa L. (osul iepurelui). Precau\u021bii:A nu se l\u0103sa la \u00eendem\u00e2na copiilor. A nu se refolosi flaconul dup\u0103 golire. Prezentare:200 ml<\/p>\n","protected":false},"excerpt":{"rendered":"<p>Propriet\u0103\u021bi: &#8211; remediu pentru tratarea reten\u021biei de lichide, cu propriet\u0103\u021bi diuretice \u0219i antiinflamatoare;- ajut\u0103 la tratarea pietrelor la rinichi \u0219i a infec\u021biilor urinare;- antiseptic natural cu propriet\u0103\u021bi detoxifiante, depurative;- cre\u0219te eliminarea acidului uric prin urin\u0103;- favorizeaz\u0103 eliminarea toxinelor din organism \u0219i limiteaz\u0103 dezvoltarea agen\u021biilor patogeni \u0219i inflama\u021bia \u00een interiorul aparatului urinar. Mod de utilizare:Se administreaz\u0103 [&hellip;]<\/p>\n","protected":false},"featured_media":10794,"template":"","meta":[],"product_brand":[],"product_cat":[168,169,172,171,184,185],"product_tag":[2669,2667,2668],"class_list":{"0":"post-5775","1":"product","2":"type-product","3":"status-publish","4":"has-post-thumbnail","6":"product_cat-caini","7":"product_cat-ingrijire-caini","8":"product_cat-ingrijire-pisici","9":"product_cat-pisici","10":"product_cat-suplimente-si-vitamine","11":"product_cat-suplimente-si-vitamine-ingrijire-pisici","12":"product_tag-herba-treat-renal","13":"product_tag-renal-pentru-caini","14":"product_tag-renal-pentru-pisici","16":"first","17":"instock","18":"shipping-taxable","19":"purchasable","20":"product-type-simple"},"_links":{"self":[{"href":"https:\/\/faberpet.ro\/stage\/wp-json\/wp\/v2\/product\/5775","targetHints":{"allow":["GET"]}}],"collection":[{"href":"https:\/\/faberpet.ro\/stage\/wp-json\/wp\/v2\/product"}],"about":[{"href":"https:\/\/faberpet.ro\/stage\/wp-json\/wp\/v2\/types\/product"}],"wp:featuredmedia":[{"embeddable":true,"href":"https:\/\/faberpet.ro\/stage\/wp-json\/wp\/v2\/media\/10794"}],"wp:attachment":[{"href":"https:\/\/faberpet.ro\/stage\/wp-json\/wp\/v2\/media?parent=5775"}],"wp:term":[{"taxonomy":"product_brand","embeddable":true,"href":"https:\/\/faberpet.ro\/stage\/wp-json\/wp\/v2\/product_brand?post=5775"},{"taxonomy":"product_cat","embeddable":true,"href":"https:\/\/faberpet.ro\/stage\/wp-json\/wp\/v2\/product_cat?post=5775"},{"taxonomy":"product_tag","embeddable":true,"href":"https:\/\/faberpet.ro\/stage\/wp-json\/wp\/v2\/product_tag?post=5775"}],"curies":[{"name":"wp","href":"https:\/\/api.w.org\/{rel}","templated":true}]}}