{"id":5790,"date":"2024-10-21T20:35:47","date_gmt":"2024-10-21T17:35:47","guid":{"rendered":"https:\/\/faberpet.ro\/stage\/produs\/capcana-lipici-prokum-pentru-rozatoare-si-insecte-taratoare\/"},"modified":"2025-08-05T11:14:23","modified_gmt":"2025-08-05T09:14:23","slug":"capcana-lipici-prokum-pentru-rozatoare-si-insecte-taratoare","status":"publish","type":"product","link":"https:\/\/faberpet.ro\/stage\/produs\/capcana-lipici-prokum-pentru-rozatoare-si-insecte-taratoare\/","title":{"rendered":"Capcana Lipici Prokum pentru rozatoare si insecte taratoare"},"content":{"rendered":"<p>Propriet\u0103\u021bi: Capcana adeziv\u0103 Promedivet nu este toxic\u0103 \u0219i este ideal\u0103 pentru utilizarea \u00een gospod\u0103rii, depozite sau magazii, astfel capturarea acestora este mai usoar\u0103. Capcana este gata de utilizare, este un mod sigur \u0219i igienic de combatere a roz\u0103toarelor \u0219i insectelor t\u00e2r\u00e2toare. Mod de utilizare:Capcana se deschide cu aten\u021bie \u0219i se plaseaz\u0103 \u00een locurile frecventate de d\u0103un\u0103tori. Fixa\u021bi capcana de perete sau pardoseal\u0103 dac\u0103 este nevoie. Precau\u021bii:Evita\u021bi expunerea produsului la soare. \u00cen caz de contact cu adezivul acesta se cur\u0103\u021b\u0103 cu benzin\u0103. Nu l\u0103sa\u021bi produsul la \u00eendem\u00e2na copiilor. Produsul se depoziteaz\u0103 la o temperatur\u0103 de 20\u00b0C- 32\u00b0C.<\/p>\n","protected":false},"excerpt":{"rendered":"<p>Propriet\u0103\u021bi: Capcana adeziv\u0103 Promedivet nu este toxic\u0103 \u0219i este ideal\u0103 pentru utilizarea \u00een gospod\u0103rii, depozite sau magazii, astfel capturarea acestora este mai usoar\u0103. Capcana este gata de utilizare, este un mod sigur \u0219i igienic de combatere a roz\u0103toarelor \u0219i insectelor t\u00e2r\u00e2toare. Mod de utilizare:Capcana se deschide cu aten\u021bie \u0219i se plaseaz\u0103 \u00een locurile frecventate de [&hellip;]<\/p>\n","protected":false},"featured_media":10809,"template":"","meta":[],"product_brand":[],"product_cat":[2616],"product_tag":[2681,2685,2684],"class_list":{"0":"post-5790","1":"product","2":"type-product","3":"status-publish","4":"has-post-thumbnail","6":"product_cat-insecticide-si-raticide","7":"product_tag-capcana-lipici","8":"product_tag-capcana-pentru-insecte-taratoare","9":"product_tag-capcana-pentru-rozatare","11":"first","12":"instock","13":"shipping-taxable","14":"purchasable","15":"product-type-simple"},"_links":{"self":[{"href":"https:\/\/faberpet.ro\/stage\/wp-json\/wp\/v2\/product\/5790","targetHints":{"allow":["GET"]}}],"collection":[{"href":"https:\/\/faberpet.ro\/stage\/wp-json\/wp\/v2\/product"}],"about":[{"href":"https:\/\/faberpet.ro\/stage\/wp-json\/wp\/v2\/types\/product"}],"wp:featuredmedia":[{"embeddable":true,"href":"https:\/\/faberpet.ro\/stage\/wp-json\/wp\/v2\/media\/10809"}],"wp:attachment":[{"href":"https:\/\/faberpet.ro\/stage\/wp-json\/wp\/v2\/media?parent=5790"}],"wp:term":[{"taxonomy":"product_brand","embeddable":true,"href":"https:\/\/faberpet.ro\/stage\/wp-json\/wp\/v2\/product_brand?post=5790"},{"taxonomy":"product_cat","embeddable":true,"href":"https:\/\/faberpet.ro\/stage\/wp-json\/wp\/v2\/product_cat?post=5790"},{"taxonomy":"product_tag","embeddable":true,"href":"https:\/\/faberpet.ro\/stage\/wp-json\/wp\/v2\/product_tag?post=5790"}],"curies":[{"name":"wp","href":"https:\/\/api.w.org\/{rel}","templated":true}]}}